0 + 86 + 5.
67
Evaluate 75 + -5 - 110 - (4 + 17).
-61
What is 71 - (205 - 63 - 175)?
104
Calculate -21 + -66 + 92 - -51.
56
Calculate (-7 - -1) + -524 + 642.
112
Calculate (-123 - (-1 + -9)) + (143 - 126).
-96
Calculate 31 + (-1 - (4 - 30) - -2).
58
Calculate 53 - (-101 + 224) - 46.
-116
Calculate 10 - (5 - (-112 - -99)).
-8
What is the value of -29 - (-76 + 3 + -14)?
58
(-11 - (11 - 11)) + 63 + -124 + 58
-14
What is the value of -65 - ((-15 - 0) + -7 + (-2 - -25))?
-66
What is -82 + 68 - (18 - 3)?
-29
Calculate 37 - 35 - (-21 + -26).
49
What is the value of -33 + (-6 - (-38 + -44))?
43
What is the value of -103 + 2 + 6 - (27 + -49 + 12 + -1)?
-84
Calculate (-13 - (-14 + 11 - -23)) + -17.
-50
-69 - -90 - (44 + -17)
-6
Evaluate (-3 - -5) + 0 + 57 + -4 + -21 + 22.
56
Calculate (-4 - (7 - 11)) + (5 - (-26 + -13 + -10)).
54
Evaluate -575 + 545 + 83 + -1.
52
81 + -53 + -46 + -7
-25
38 + -37 + (15 - 46)
-30
What is -44 + 35 + (-18 - (-79 - -7))?
45
What is (-18 - 1) + 9 - -6 - (6 + -33 + 0)?
23
Calculate -2 + (-21 - -51) + 14.
42
(-3 - -3 - -9) + (-634 - -608)
-17
What is the value of -35 + (47 - -31) + -36?
7
What is -3 + -54 - (4 + -6 + -17 - (-26 - -12))?
-52
What is the value of -26 - (-19 - (12 + -19)) - (26 + -4)?
-36
20 - (53 + (36 - 58) + -33)
22
What is 30 + (2 + 3 + 1 - (103 - 108)) + -2?
39
What is (20 - 0) + -14 + 11 + -53?
-36
Calculate 0 + -5 + 1 + 6 + -48 + 36 - -36.
26
What is -39 + 7 + 6 + -15?
-41
What is the value of -15 + 0 + (0 - 1 - (-4 + -12)) + -21?
-21
What is the value of -1 + 1 + 10 + (14 - (-77 - -54) - 41)?
6
What is the value of (-122 - (-159 + 90)) + 144?
91
What is 5 + (-10 - -3) + 10 + -56 + (5 - 4)?
-47
What is (-56 - -82 - -8) + -35?
-1
Evaluate 18 - (4 + (4 - 0)) - ((-1 - -72) + 1).
-62
What is the value of -22 + (-4 - (-23 + -19)) + -37?
-21
What is the value of -20 - (-44 + (24 - 1)) - (-74 + (1 - -1))?
73
What is -7 + -3 + 10 - (42 - 68)?
26
What is the value of -3 + -6 + 4 + 3 + -3 - -63?
58
-7 + (-4 + (-37 - -14) - (-6 - -1))
-29
Calculate 53 + (47 - 56) + -2.
42
What is -17 + (-41 - -44) - -20 - (2 + 95)?
-91
What is the value of -2763 + 2738 - (3 + -5 - -24)?
-47
Calculate 17 + 0 + (-40 + (10 - 8) - 22).
-43
What is the value of (49 - (4 + -4)) + (20 - -47 - 64)?
52
What is 2 + 96 + -115 + 2 + 3?
-12
7 + (27 + -44 - -42)
32
(1 - (0 + -5)) + (-20 - -13 - (-28 - 2))
29
Calculate 7 + (-225 + 224 - (6 - 25 - (-1 + 6))).
30
What is the value of 0 + -21 + (79 - (183 - 79))?
-46
Calculate 33 - (-30 + 10) - (5 - (-7 + (3 - 0))).
44
Evaluate 190 + -283 + (-7 - -32 - 9).
-77
Calculate 66 + -11 + 5 - (4 + -46 - -29).
73
Calculate 41 + -42 + -31 + (-5 - -6) + (6 - 12).
-37
Evaluate -34 + 111 - (23 + 10).
44
(3 - 0) + -5 + 2 - ((85 - -28) + -128)
15
36 + 0 + (-9400 - -9436)
72
What is the value of -7 - -20 - 26 - ((33 - 108) + 24)?
38
Calculate (2 + 11 + -10 - (-2 + 3 - -6)) + 20.
16
(139 - 263) + 85 + 0 + -31
-70
What is -17 - (-21 - -35) - (-19 + 8)?
-20
Evaluate 19 + (34 - (-57 - -115)).
-5
-11 + (52 - 58 - (0 - 0))
-17
Calculate 34 + (1 - (59 + -45) - 129).
-108
What is -18 + 1 + -7 + -561 + 578?
-7
(80 - 16) + (6 - (4 - 3) - (1 - -8))
60
Calculate -6 + (0 - -10) + 19 + 41 + 0.
64
What is the value of -293 + 288 - (46 - 3 - (-2 + 3))?
-47
Calculate (-104 + 134 - 137) + 81.
-26
5 - (15 - (26 + -19) - 27)
24
Calculate -1 - (19 - (3 + -16)).
-33
What is the value of (11 - (7 - 6)) + -5 - (-70 + 67) - -9?
17
12 + (-8 - (1 - 0) - (399 - 437))
41
What is the value of (-6 - 13) + (-16 - (-23 + -16))?
4
What is (-16 - -11) + 23 + -20 + 40?
38
Calculate 0 + -18 + 17 + (-8 + (12 - 11) - 8).
-16
What is the value of (-82 - -1 - -78) + (-1 - -1) + -5?
-8
(-6 - (24 + -24 - 112)) + -17 + -16
73
What is -11 + 51 - (-105 - -142) - 41?
-38
4 + 13 + (-65 + -3 - (4 + -20) - 0)
-35
Evaluate 432 - 270 - (1 + 93).
68
What is (41 - (-34 - -73)) + (9 - 30)?
-19
Calculate (22 - (2 + (0 - 9) - 0)) + 1.
30
What is (-4 - 13) + (-38 - 3 - -15) + 115?
72
Evaluate (-664 - -640) + (-2 - 7).
-33
Evaluate -16 - 5 - -37 - (-7 - -1).
22
What is the value of 2 + 2 + (-2 - (-15 + -6 + 11) - -59)?
71
What is -16 - (23 + -8 + -24 + 6 + 1) - 1?
-15
What is the value of 1 + -1 - -30 - (-54 + 27 + 50 - 22)?
29
What is (16 - (0 + 5)) + (-98 - -110)?
23
What is the value of 19 - (32 + 24 + (-14 - -3))?
-26
Evaluate -83 - (35 - -20) - -13.
-125
Evaluate (-1087 - -1075 - (-16 + -3)) + -3 + (2 - 92).
-86
What is 4 + -21 + 10 - (-1 + -39 - (26 - 22))?
37
Calculate (4 - 30) + 9 + (-11 - -17) + 40.
29
(91 - (32 - 1)) + -26 + 42
76
What is 31 - (46 + -29 + -13 + -8)?
35
0 + (-51 - -39) + -10
-22
-40 + -40 + 23 + (16 - -6) + -2 + 1
-36
What is the value of (-10 - -17) + -22 - (-76 + 49)?
12
What is (4 - (-12 - -7)) + (21 + -6 - -1) + 4?
29
Evaluate 5 + (-21 - 8) - -48.
24
Calculate 8 - (-45 - (26 + -70)).
9
Calculate 28 + -50 + 29 + 42.
49
-1 - 1 - -16 - -1 - (-350 + (339 - -23))
3
What is the value of -15 + 36 - (-28 - -2 - -2)?
45
What is 39 - 23 - ((-7 - (-1 + 1)) + 1)?
22
What is the value of -102 - ((8 + 1 - (3 + 9 + 1)) + 0)?
-98
Calculate (-74 + 20 - -42) + -12.
-24
What is 12 + -6 + -2 + (64 - 26)?
42
(-56 + 19 + 3 - -37) + 20
23
(-255 - -56) + 198 - ((1 - 1) + 3)
-4
What is 5 - ((0 - 0 - -61) + (-208 - -139 - -73))?
-60
Evaluate -11 + 37 + -7 + 2.
21
Calculate -8 + ((-7 - -6) + 4 + 10 - -1).
6
Evaluate (-28 - 39) + 54 - (-3 + 0 + 2).
-12
4 + -1 + (-12 + 3 + -2 - (-133 + 126))
-1
Calculate -4 + -7 + 4 + 483 + -408.
68
What is the value of (40 - 21) + 37 + (6 - 8)?
54
What is -1026 + 1011 - (42 - 2)?
-55
What is the value of 0 + 3 + 151 - (-21 - (-23 + 54 - 58))?
148
10 - 0 - ((0 - -18 - 17) + -22 - 16)
47
Calculate (-6 - ((-4 - -10) + -21)) + (0 + -12 - 7).
-10
What is the value of -2 + 1 + 11 + (492 - 490)?
12
What is -54 - ((2 - 10) + (31 - 8) - 16)?
-53
49 - (75 - 41) - (1 - 41)
55
What is (-14 - -17) + (49 - 118)?
-66
0 + 6 - (-15 + -18 + -11 + 70)
-20
(37 - 84) + 36 + 1 + 37 - (1 + -12)
38
(5 - -4) + -43 + 28 + -1 + 0 - 7
-14
What is 11 - ((-61 - -68) + 16)?
-12
Evaluate (59 - (2 - (0 - -6)) - 6) + -4.
53
43 + (-29 - 18) + 55
51
Calculate (-12 - (16 - 23 - (3 - 3))) + 3 - 4.
-6
What is -7 + -7 + 60 - (52 - 38)?
32
Calculate -94 + (-9 + -3 + 1 - -34).
-71
-63 + -50 + (10 - -51)
-52
Calculate 7 + -46 - (-10 - -18 - 19) - (-10 - -1).
-19
Evaluate -22395 + 22307 + (0 - -170).
82
What is -12 + 81 + -47 + 27 + 25 + 7 + 0?
81
Evaluate (260 - 243) + 3 + -58 + -4.
-42
43 + -2 - (637 + -645)
49
What is the value of 138 - 270 - (6 - 62)?
-76
Evaluate (-20 + 29 - -16) + -15 + -28 + 82.
64
(-12 - 22) + 244 + -279
-69
What is 17 + -30 + (30 - 21) + 58?
54
What is the value of -50 + -1 + 172 + -42 + -99?
-20
What is the value of (575 - 583) + -6 + 3 + -29?
-40
What is the value of 5 + 3 + (-7 - -1) + (-135 + -8 - -45)?
-96
Evaluate -13 + -59 + 51 + 46.
25
What is -6428 - -6420 - (2 + (3 - 1) + 1 + 51)?
-64
20 - (-27 - -40) - 34 - -37
10
What is the value of -109 - (-181 - (131 - 98))?
105
((27 - (17 - -13)) + (1 - 6) - -7) + 4
3
Evaluate (9 - (-6 - -13)) + (-61 - -14) + 13.
-32
Calculate (1 - -1) + -24 - (667 + -646).
-43
-35 + (6 - 22) + 42
-9
Evaluate -24 + (19 - (-26 + 69 - 11)).
-37
18 + (-21 + (-10 - -45) - -4)
36
Evaluate -68 - (13 - (21 + 12)) - -16 - (8 - 0).
-40
What is (0 - (-2 + -12)) + (13 - 132) + 67?
-38
Calculate 6 + (153 + -286 - -262).
135
What is 18 + 8 - 40 - ((21 - 3) + -5)?
-27
What is 4 + -47 + (6 - (-5 + 9 + 2) - 13)?
-56
(4 - 1) + -9 - (-1 + 39 - 103)
59
Calculate (4 - (-11 - -31)) + 1 + 21.
6
What is the value of 67 + -44 + (0 - 55)?
-32
What is (-1 - 6) + -55 + 9 + -6 + 2 + -2?
-59
Calculate 13 - ((13 - (-12 + 19)) + (-1 - -1)).
7
185 + -220 - (13 + 4 - 7)
-45
Calculate 0 - 97 - (-6725 + 6677).
-49
Evaluate -699 + 778 - (3 + (-1 - 1)).
78
What is the value of (-40 - (-57 + 28) - 45) + 24?
-32
What is the value of -3 + 9 - ((-7 - (-7 - 8)) + 1) - -49?
46
(19 - (49 - -6 - 18)) + 14 + -29
-33
What is 165 + 158 + -46 + -145?
132
What is the value of 2 + 20 - ((-38 - -58) + 43)?
-41
Evaluate (-7 - (-141 + 48)) + 1 + -6 + 1.
82
What is the value of 55 + -25 - (64 + -44) - (-54 - (0 - -1))?
65
Calculate -77 - ((-24 - -8) + 29) - (-1 - -1 - 11).
-79
What is the value of (-4 - -40) + -10 - 61?
-35
What is -72 - (-72 - (36 - 71))?
-35
What is the va